{"id":19400,"date":"2022-07-09T06:18:13","date_gmt":"2022-07-09T03:18:13","guid":{"rendered":"https:\/\/www.biopapa.lt\/?post_type=product&#038;p=19400"},"modified":"2026-03-02T16:03:07","modified_gmt":"2026-03-02T14:03:07","slug":"ekologiska-kalnu-arbata-sideritis","status":"publish","type":"product","link":"https:\/\/www.biopapa.de\/lt\/producte\/ekologiska-kalnu-arbata-sideritis\/","title":{"rendered":"Ekologi\u0161ka kaln\u0173 arbata &#8222;Sideritis&#8221;"},"content":{"rendered":"<p>Ekologi\u0161ka kaln\u0173 arbata &#8222;Sideritis&#8221; tradici\u0161kai geriama norint greitai su\u0161ilti, o taip pat per\u0161alus arba sutrikus vir\u0161kinimui.<br \/>\nManoma, kad ji turi didel\u012f spazmolitin\u012f, nuskausminam\u0105, \u0161lapim\u0105 varant\u012f\u00a0 ir detoksikuojant\u012f poveik\u012f. Didelis kaln\u0173 arbatoje esantis\u00a0 gele\u017eies kiekis stiprina imunin\u0119 sistem\u0105 ir saugo nuo lig\u0173.<\/p>\n<p>Paruo\u0161imas:\u00a012 \u2013 15 g\/l u\u017epilkite kar\u0161tu vandeniu 100\u00b0C.<br \/>\nPalikite\u00a0 7- 10 min. kol\u00a0 atsiskleis geriausios augalo savyb\u0117s. Perko\u0161kite ir m\u0117gaukit\u0117s kar\u0161tu arba \u0161altu g\u0117rimu.<\/p>\n","protected":false},"excerpt":{"rendered":"<p>Ekologi\u0161ka kaln\u0173 arbata &#8222;Sideritis&#8221; tradici\u0161kai geriama norint greitai su\u0161ilti, o taip pat per\u0161alus arba sutrikus vir\u0161kinimui. Manoma, kad ji turi<\/p>\n","protected":false},"featured_media":22304,"template":"","meta":{"_acf_changed":false},"product_brand":[],"product_cat":[1907,1265],"product_tag":[1378],"class_list":{"0":"post-19400","1":"product","2":"type-product","3":"status-publish","4":"has-post-thumbnail","6":"product_cat-arbata","7":"product_cat-ekologiska-kakava-arbata-kava","8":"product_tag-veganams","9":"pa_svoris-1-kg","10":"pa_svoris-100-g","11":"pa_svoris-200-g","12":"pa_svoris-25-g","13":"pa_svoris-300-g","14":"pa_svoris-400-g","15":"pa_svoris-50-g","16":"pa_svoris-500-g","18":"first","19":"instock","20":"shipping-taxable","21":"purchasable","22":"product-type-variable"},"acf":[],"yoast_head":"<!-- This site is optimized with the Yoast SEO plugin v27.5 - https:\/\/yoast.com\/product\/yoast-seo-wordpress\/ -->\n<title>Ekologi\u0161ka kaln\u0173 arbata &quot;Sideritis&quot; - Biopapa<\/title>\n<meta name=\"robots\" content=\"index, follow, max-snippet:-1, max-image-preview:large, max-video-preview:-1\" \/>\n<link rel=\"canonical\" href=\"https:\/\/www.biopapa.de\/lt\/producte\/ekologiska-kalnu-arbata-sideritis\/\" \/>\n<meta property=\"og:locale\" content=\"lt_LT\" \/>\n<meta property=\"og:type\" content=\"article\" \/>\n<meta property=\"og:title\" content=\"Ekologi\u0161ka kaln\u0173 arbata &quot;Sideritis&quot; - Biopapa\" \/>\n<meta property=\"og:description\" content=\"Ekologi\u0161ka kaln\u0173 arbata &#8222;Sideritis&#8221; tradici\u0161kai geriama norint greitai su\u0161ilti, o taip pat per\u0161alus arba sutrikus vir\u0161kinimui. Manoma, kad ji turi\" \/>\n<meta property=\"og:url\" content=\"https:\/\/www.biopapa.de\/lt\/producte\/ekologiska-kalnu-arbata-sideritis\/\" \/>\n<meta property=\"og:site_name\" content=\"Biopapa\" \/>\n<meta property=\"article:publisher\" content=\"https:\/\/www.facebook.com\/biopapa.lt\" \/>\n<meta property=\"article:modified_time\" content=\"2026-03-02T14:03:07+00:00\" \/>\n<meta property=\"og:image\" content=\"https:\/\/www.biopapa.de\/wp-content\/uploads\/2022\/07\/Ekologiska-kalnu-arbata-Sideritis-scardica.png\" \/>\n\t<meta property=\"og:image:width\" content=\"800\" \/>\n\t<meta property=\"og:image:height\" content=\"640\" \/>\n\t<meta property=\"og:image:type\" content=\"image\/png\" \/>\n<meta name=\"twitter:card\" content=\"summary_large_image\" \/>\n<meta name=\"twitter:label1\" content=\"Est. reading time\" \/>\n\t<meta name=\"twitter:data1\" content=\"1 minut\u0117\" \/>\n<script type=\"application\/ld+json\" class=\"yoast-schema-graph\">{\"@context\":\"https:\\\/\\\/schema.org\",\"@graph\":[{\"@type\":\"WebPage\",\"@id\":\"https:\\\/\\\/www.biopapa.de\\\/lt\\\/producte\\\/ekologiska-kalnu-arbata-sideritis\\\/\",\"url\":\"https:\\\/\\\/www.biopapa.de\\\/lt\\\/producte\\\/ekologiska-kalnu-arbata-sideritis\\\/\",\"name\":\"Ekologi\u0161ka kaln\u0173 arbata \\\"Sideritis\\\" - Biopapa\",\"isPartOf\":{\"@id\":\"https:\\\/\\\/www.biopapa.de\\\/lt\\\/#website\"},\"primaryImageOfPage\":{\"@id\":\"https:\\\/\\\/www.biopapa.de\\\/lt\\\/producte\\\/ekologiska-kalnu-arbata-sideritis\\\/#primaryimage\"},\"image\":{\"@id\":\"https:\\\/\\\/www.biopapa.de\\\/lt\\\/producte\\\/ekologiska-kalnu-arbata-sideritis\\\/#primaryimage\"},\"thumbnailUrl\":\"https:\\\/\\\/www.biopapa.de\\\/wp-content\\\/uploads\\\/2022\\\/07\\\/Ekologiska-kalnu-arbata-Sideritis-scardica.png\",\"datePublished\":\"2022-07-09T03:18:13+00:00\",\"dateModified\":\"2026-03-02T14:03:07+00:00\",\"breadcrumb\":{\"@id\":\"https:\\\/\\\/www.biopapa.de\\\/lt\\\/producte\\\/ekologiska-kalnu-arbata-sideritis\\\/#breadcrumb\"},\"inLanguage\":\"lt-LT\",\"potentialAction\":[{\"@type\":\"ReadAction\",\"target\":[\"https:\\\/\\\/www.biopapa.de\\\/lt\\\/producte\\\/ekologiska-kalnu-arbata-sideritis\\\/\"]}]},{\"@type\":\"ImageObject\",\"inLanguage\":\"lt-LT\",\"@id\":\"https:\\\/\\\/www.biopapa.de\\\/lt\\\/producte\\\/ekologiska-kalnu-arbata-sideritis\\\/#primaryimage\",\"url\":\"https:\\\/\\\/www.biopapa.de\\\/wp-content\\\/uploads\\\/2022\\\/07\\\/Ekologiska-kalnu-arbata-Sideritis-scardica.png\",\"contentUrl\":\"https:\\\/\\\/www.biopapa.de\\\/wp-content\\\/uploads\\\/2022\\\/07\\\/Ekologiska-kalnu-arbata-Sideritis-scardica.png\",\"width\":800,\"height\":640,\"caption\":\"Ekologis\u030cka kalnu\u0328 arbata \u201cSideritis scardica\u201d\"},{\"@type\":\"BreadcrumbList\",\"@id\":\"https:\\\/\\\/www.biopapa.de\\\/lt\\\/producte\\\/ekologiska-kalnu-arbata-sideritis\\\/#breadcrumb\",\"itemListElement\":[{\"@type\":\"ListItem\",\"position\":1,\"name\":\"Home\",\"item\":\"https:\\\/\\\/www.biopapa.de\\\/lt\\\/\"},{\"@type\":\"ListItem\",\"position\":2,\"name\":\"Parduotuv\u0117\",\"item\":\"https:\\\/\\\/www.biopapa.de\\\/parduotuve\\\/\"},{\"@type\":\"ListItem\",\"position\":3,\"name\":\"Ekologi\u0161ka kaln\u0173 arbata &#8222;Sideritis&#8221;\"}]},{\"@type\":\"WebSite\",\"@id\":\"https:\\\/\\\/www.biopapa.de\\\/lt\\\/#website\",\"url\":\"https:\\\/\\\/www.biopapa.de\\\/lt\\\/\",\"name\":\"Biopapa\",\"description\":\"\u0160var\u016bs ekologi\u0161ki produktai\",\"publisher\":{\"@id\":\"https:\\\/\\\/www.biopapa.de\\\/lt\\\/#organization\"},\"potentialAction\":[{\"@type\":\"SearchAction\",\"target\":{\"@type\":\"EntryPoint\",\"urlTemplate\":\"https:\\\/\\\/www.biopapa.de\\\/lt\\\/?s={search_term_string}\"},\"query-input\":{\"@type\":\"PropertyValueSpecification\",\"valueRequired\":true,\"valueName\":\"search_term_string\"}}],\"inLanguage\":\"lt-LT\"},{\"@type\":\"Organization\",\"@id\":\"https:\\\/\\\/www.biopapa.de\\\/lt\\\/#organization\",\"name\":\"Biopapa\",\"url\":\"https:\\\/\\\/www.biopapa.de\\\/lt\\\/\",\"logo\":{\"@type\":\"ImageObject\",\"inLanguage\":\"lt-LT\",\"@id\":\"https:\\\/\\\/www.biopapa.de\\\/lt\\\/#\\\/schema\\\/logo\\\/image\\\/\",\"url\":\"https:\\\/\\\/www.biopapa.lt\\\/wp-content\\\/uploads\\\/2022\\\/04\\\/facebook_biopapa.jpg\",\"contentUrl\":\"https:\\\/\\\/www.biopapa.lt\\\/wp-content\\\/uploads\\\/2022\\\/04\\\/facebook_biopapa.jpg\",\"width\":1733,\"height\":907,\"caption\":\"Biopapa\"},\"image\":{\"@id\":\"https:\\\/\\\/www.biopapa.de\\\/lt\\\/#\\\/schema\\\/logo\\\/image\\\/\"},\"sameAs\":[\"https:\\\/\\\/www.facebook.com\\\/biopapa.lt\"]}]}<\/script>\n<!-- \/ Yoast SEO plugin. -->","yoast_head_json":{"title":"Ekologi\u0161ka kaln\u0173 arbata \"Sideritis\" - Biopapa","robots":{"index":"index","follow":"follow","max-snippet":"max-snippet:-1","max-image-preview":"max-image-preview:large","max-video-preview":"max-video-preview:-1"},"canonical":"https:\/\/www.biopapa.de\/lt\/producte\/ekologiska-kalnu-arbata-sideritis\/","og_locale":"lt_LT","og_type":"article","og_title":"Ekologi\u0161ka kaln\u0173 arbata \"Sideritis\" - Biopapa","og_description":"Ekologi\u0161ka kaln\u0173 arbata &#8222;Sideritis&#8221; tradici\u0161kai geriama norint greitai su\u0161ilti, o taip pat per\u0161alus arba sutrikus vir\u0161kinimui. Manoma, kad ji turi","og_url":"https:\/\/www.biopapa.de\/lt\/producte\/ekologiska-kalnu-arbata-sideritis\/","og_site_name":"Biopapa","article_publisher":"https:\/\/www.facebook.com\/biopapa.lt","article_modified_time":"2026-03-02T14:03:07+00:00","og_image":[{"width":800,"height":640,"url":"https:\/\/www.biopapa.de\/wp-content\/uploads\/2022\/07\/Ekologiska-kalnu-arbata-Sideritis-scardica.png","type":"image\/png"}],"twitter_card":"summary_large_image","twitter_misc":{"Est. reading time":"1 minut\u0117"},"schema":{"@context":"https:\/\/schema.org","@graph":[{"@type":"WebPage","@id":"https:\/\/www.biopapa.de\/lt\/producte\/ekologiska-kalnu-arbata-sideritis\/","url":"https:\/\/www.biopapa.de\/lt\/producte\/ekologiska-kalnu-arbata-sideritis\/","name":"Ekologi\u0161ka kaln\u0173 arbata \"Sideritis\" - Biopapa","isPartOf":{"@id":"https:\/\/www.biopapa.de\/lt\/#website"},"primaryImageOfPage":{"@id":"https:\/\/www.biopapa.de\/lt\/producte\/ekologiska-kalnu-arbata-sideritis\/#primaryimage"},"image":{"@id":"https:\/\/www.biopapa.de\/lt\/producte\/ekologiska-kalnu-arbata-sideritis\/#primaryimage"},"thumbnailUrl":"https:\/\/www.biopapa.de\/wp-content\/uploads\/2022\/07\/Ekologiska-kalnu-arbata-Sideritis-scardica.png","datePublished":"2022-07-09T03:18:13+00:00","dateModified":"2026-03-02T14:03:07+00:00","breadcrumb":{"@id":"https:\/\/www.biopapa.de\/lt\/producte\/ekologiska-kalnu-arbata-sideritis\/#breadcrumb"},"inLanguage":"lt-LT","potentialAction":[{"@type":"ReadAction","target":["https:\/\/www.biopapa.de\/lt\/producte\/ekologiska-kalnu-arbata-sideritis\/"]}]},{"@type":"ImageObject","inLanguage":"lt-LT","@id":"https:\/\/www.biopapa.de\/lt\/producte\/ekologiska-kalnu-arbata-sideritis\/#primaryimage","url":"https:\/\/www.biopapa.de\/wp-content\/uploads\/2022\/07\/Ekologiska-kalnu-arbata-Sideritis-scardica.png","contentUrl":"https:\/\/www.biopapa.de\/wp-content\/uploads\/2022\/07\/Ekologiska-kalnu-arbata-Sideritis-scardica.png","width":800,"height":640,"caption":"Ekologis\u030cka kalnu\u0328 arbata \u201cSideritis scardica\u201d"},{"@type":"BreadcrumbList","@id":"https:\/\/www.biopapa.de\/lt\/producte\/ekologiska-kalnu-arbata-sideritis\/#breadcrumb","itemListElement":[{"@type":"ListItem","position":1,"name":"Home","item":"https:\/\/www.biopapa.de\/lt\/"},{"@type":"ListItem","position":2,"name":"Parduotuv\u0117","item":"https:\/\/www.biopapa.de\/parduotuve\/"},{"@type":"ListItem","position":3,"name":"Ekologi\u0161ka kaln\u0173 arbata &#8222;Sideritis&#8221;"}]},{"@type":"WebSite","@id":"https:\/\/www.biopapa.de\/lt\/#website","url":"https:\/\/www.biopapa.de\/lt\/","name":"Biopapa","description":"\u0160var\u016bs ekologi\u0161ki produktai","publisher":{"@id":"https:\/\/www.biopapa.de\/lt\/#organization"},"potentialAction":[{"@type":"SearchAction","target":{"@type":"EntryPoint","urlTemplate":"https:\/\/www.biopapa.de\/lt\/?s={search_term_string}"},"query-input":{"@type":"PropertyValueSpecification","valueRequired":true,"valueName":"search_term_string"}}],"inLanguage":"lt-LT"},{"@type":"Organization","@id":"https:\/\/www.biopapa.de\/lt\/#organization","name":"Biopapa","url":"https:\/\/www.biopapa.de\/lt\/","logo":{"@type":"ImageObject","inLanguage":"lt-LT","@id":"https:\/\/www.biopapa.de\/lt\/#\/schema\/logo\/image\/","url":"https:\/\/www.biopapa.lt\/wp-content\/uploads\/2022\/04\/facebook_biopapa.jpg","contentUrl":"https:\/\/www.biopapa.lt\/wp-content\/uploads\/2022\/04\/facebook_biopapa.jpg","width":1733,"height":907,"caption":"Biopapa"},"image":{"@id":"https:\/\/www.biopapa.de\/lt\/#\/schema\/logo\/image\/"},"sameAs":["https:\/\/www.facebook.com\/biopapa.lt"]}]}},"_links":{"self":[{"href":"https:\/\/www.biopapa.de\/lt\/wp-json\/wp\/v2\/product\/19400","targetHints":{"allow":["GET"]}}],"collection":[{"href":"https:\/\/www.biopapa.de\/lt\/wp-json\/wp\/v2\/product"}],"about":[{"href":"https:\/\/www.biopapa.de\/lt\/wp-json\/wp\/v2\/types\/product"}],"wp:featuredmedia":[{"embeddable":true,"href":"https:\/\/www.biopapa.de\/lt\/wp-json\/wp\/v2\/media\/22304"}],"wp:attachment":[{"href":"https:\/\/www.biopapa.de\/lt\/wp-json\/wp\/v2\/media?parent=19400"}],"wp:term":[{"taxonomy":"product_brand","embeddable":true,"href":"https:\/\/www.biopapa.de\/lt\/wp-json\/wp\/v2\/product_brand?post=19400"},{"taxonomy":"product_cat","embeddable":true,"href":"https:\/\/www.biopapa.de\/lt\/wp-json\/wp\/v2\/product_cat?post=19400"},{"taxonomy":"product_tag","embeddable":true,"href":"https:\/\/www.biopapa.de\/lt\/wp-json\/wp\/v2\/product_tag?post=19400"}],"curies":[{"name":"wp","href":"https:\/\/api.w.org\/{rel}","templated":true}]}}

Ekologiška kalnų arbata &#8222;Sideritis&#8221;

<p>Ekologiška kalnų arbata &#8222;Sideritis&#8221; tradiciškai geriama norint greitai sušilti, o taip pat peršalus arba sutrikus virškinimui.<br />
Manoma, kad ji turi didelį spazmolitinį, nuskausminamą, šlapimą varantį  ir detoksikuojantį poveikį. Didelis kalnų arbatoje esantis  geležies kiekis stiprina imuninę sistemą ir saugo nuo ligų.</p>
<p>Paruošimas: 12 – 15 g/l užpilkite karštu vandeniu 100°C.<br />
Palikite  7- 10 min. kol  atsiskleis geriausios augalo savybės. Perkoškite ir mėgaukitės karštu arba šaltu gėrimu.</p>

<p>Ekologiška kalnų arbata &#8222;Sideritis&#8221; tradiciškai geriama norint greitai sušilti, o taip pat peršalus arba sutrikus virškinimui. Manoma, kad ji turi</p>

<!-- This site is optimized with the Yoast SEO plugin v27.5 - https://yoast.com/product/yoast-seo-wordpress/ -->
<title>Ekologiška kalnų arbata &quot;Sideritis&quot; - Biopapa</title>
<meta name="robots" content="index, follow, max-snippet:-1, max-image-preview:large, max-video-preview:-1" />
<link rel="canonical" href="https://www.biopapa.de/lt/producte/ekologiska-kalnu-arbata-sideritis/" />
<meta property="og:locale" content="lt_LT" />
<meta property="og:type" content="article" />
<meta property="og:title" content="Ekologiška kalnų arbata &quot;Sideritis&quot; - Biopapa" />
<meta property="og:description" content="Ekologiška kalnų arbata &#8222;Sideritis&#8221; tradiciškai geriama norint greitai sušilti, o taip pat peršalus arba sutrikus virškinimui. Manoma, kad ji turi" />
<meta property="og:url" content="https://www.biopapa.de/lt/producte/ekologiska-kalnu-arbata-sideritis/" />
<meta property="og:site_name" content="Biopapa" />
<meta property="article:publisher" content="https://www.facebook.com/biopapa.lt" />
<meta property="article:modified_time" content="2026-03-02T14:03:07+00:00" />
<meta property="og:image" content="https://www.biopapa.de/wp-content/uploads/2022/07/Ekologiska-kalnu-arbata-Sideritis-scardica.png" />
	<meta property="og:image:width" content="800" />
	<meta property="og:image:height" content="640" />
	<meta property="og:image:type" content="image/png" />
<meta name="twitter:card" content="summary_large_image" />
<meta name="twitter:label1" content="Est. reading time" />
	<meta name="twitter:data1" content="1 minutė" />
<script type="application/ld+json" class="yoast-schema-graph">{"@context":"https:\/\/schema.org","@graph":[{"@type":"WebPage","@id":"https:\/\/www.biopapa.de\/lt\/producte\/ekologiska-kalnu-arbata-sideritis\/","url":"https:\/\/www.biopapa.de\/lt\/producte\/ekologiska-kalnu-arbata-sideritis\/","name":"Ekologiška kalnų arbata \"Sideritis\" - Biopapa","isPartOf":{"@id":"https:\/\/www.biopapa.de\/lt\/#website"},"primaryImageOfPage":{"@id":"https:\/\/www.biopapa.de\/lt\/producte\/ekologiska-kalnu-arbata-sideritis\/#primaryimage"},"image":{"@id":"https:\/\/www.biopapa.de\/lt\/producte\/ekologiska-kalnu-arbata-sideritis\/#primaryimage"},"thumbnailUrl":"https:\/\/www.biopapa.de\/wp-content\/uploads\/2022\/07\/Ekologiska-kalnu-arbata-Sideritis-scardica.png","datePublished":"2022-07-09T03:18:13+00:00","dateModified":"2026-03-02T14:03:07+00:00","breadcrumb":{"@id":"https:\/\/www.biopapa.de\/lt\/producte\/ekologiska-kalnu-arbata-sideritis\/#breadcrumb"},"inLanguage":"lt-LT","potentialAction":[{"@type":"ReadAction","target":["https:\/\/www.biopapa.de\/lt\/producte\/ekologiska-kalnu-arbata-sideritis\/"]}]},{"@type":"ImageObject","inLanguage":"lt-LT","@id":"https:\/\/www.biopapa.de\/lt\/producte\/ekologiska-kalnu-arbata-sideritis\/#primaryimage","url":"https:\/\/www.biopapa.de\/wp-content\/uploads\/2022\/07\/Ekologiska-kalnu-arbata-Sideritis-scardica.png","contentUrl":"https:\/\/www.biopapa.de\/wp-content\/uploads\/2022\/07\/Ekologiska-kalnu-arbata-Sideritis-scardica.png","width":800,"height":640,"caption":"Ekologiška kalnų arbata “Sideritis scardica”"},{"@type":"BreadcrumbList","@id":"https:\/\/www.biopapa.de\/lt\/producte\/ekologiska-kalnu-arbata-sideritis\/#breadcrumb","itemListElement":[{"@type":"ListItem","position":1,"name":"Home","item":"https:\/\/www.biopapa.de\/lt\/"},{"@type":"ListItem","position":2,"name":"Parduotuvė","item":"https:\/\/www.biopapa.de\/parduotuve\/"},{"@type":"ListItem","position":3,"name":"Ekologiška kalnų arbata &#8222;Sideritis&#8221;"}]},{"@type":"WebSite","@id":"https:\/\/www.biopapa.de\/lt\/#website","url":"https:\/\/www.biopapa.de\/lt\/","name":"Biopapa","description":"Švarūs ekologiški produktai","publisher":{"@id":"https:\/\/www.biopapa.de\/lt\/#organization"},"potentialAction":[{"@type":"SearchAction","target":{"@type":"EntryPoint","urlTemplate":"https:\/\/www.biopapa.de\/lt\/?s={search_term_string}"},"query-input":{"@type":"PropertyValueSpecification","valueRequired":true,"valueName":"search_term_string"}}],"inLanguage":"lt-LT"},{"@type":"Organization","@id":"https:\/\/www.biopapa.de\/lt\/#organization","name":"Biopapa","url":"https:\/\/www.biopapa.de\/lt\/","logo":{"@type":"ImageObject","inLanguage":"lt-LT","@id":"https:\/\/www.biopapa.de\/lt\/#\/schema\/logo\/image\/","url":"https:\/\/www.biopapa.lt\/wp-content\/uploads\/2022\/04\/facebook_biopapa.jpg","contentUrl":"https:\/\/www.biopapa.lt\/wp-content\/uploads\/2022\/04\/facebook_biopapa.jpg","width":1733,"height":907,"caption":"Biopapa"},"image":{"@id":"https:\/\/www.biopapa.de\/lt\/#\/schema\/logo\/image\/"},"sameAs":["https:\/\/www.facebook.com\/biopapa.lt"]}]}</script>
<!-- / Yoast SEO plugin. -->

Ekologiška kalnų arbata "Sideritis" - Biopapa

Ekologiška kalnų arbata &#8222;Sideritis&#8221; tradiciškai geriama norint greitai sušilti, o taip pat peršalus arba sutrikus virškinimui. Manoma, kad ji turi

1 minutė

Parduotuvė

Švarūs ekologiški produktai
